e prime factors of y(m)?
2, 29
Let s = 14504 + -7692. What are the prime factors of s?
2, 13, 131
Suppose 0 = h - 22 - 1. Suppose 0 = 4*f - h - 789. List the prime factors of f.
7, 29
Suppose -60*q + 2 = -58*q. Let t be ((-30)/(-20))/(q/(-6) - 0). List the prime factors of ((-16)/t)/1 + 6/27.
2
Let x(i) = -33*i**2 + 8*i + 58. Let b be x(-5). Suppose -3*k - 227 = 376. List the prime factors of 1/(-4 + b/k).
67
Suppose -13345893 - 1938371 = -107*i - 207*i. List the prime factors of i.
2, 43, 283
Let z = 929 - -508. Suppose z = 15*m - 768. List the prime factors of m.
3, 7
Suppose 3*a + 7*d = 9*d + 277, -4*a + 400 = 5*d. Let u = 437 - a. What are the prime factors of u?
2, 3, 19
Suppose -4*k + 0*z + 2*z + 118 = 0, 12 = -4*z. Let l be 8/(-12) - (-5)/3 - k. Let d = l + 45. List the prime factors of d.
2, 3
Let r = 17759 - 11408. List the prime factors of r.
3, 29, 73
Suppose 0 = -4*x - 4*q + 184148, 93*x - 98*x + 5*q = -230125. What are the prime factors of x?
191, 241
Suppose 62*r = -23*r - 2*r + 174. Suppose 190 = 4*n + 3*f, -n - 3*n + 194 = f. Suppose r*j - n = 37. List the prime factors of j.
43
Let x(f) = -f**3 - 3*f**2 - 10*f - 4. Let l be x(-4). Let t = -21 + l. Let o = 9 + t. List the prime factors of o.
2, 5
List the prime factors of (22*-2)/((-28015)/(-1274) + -22).
2, 7, 11
Let x(h) = -4 - 265*h**3 - 10 - 11 + 26 + h + h**2. Let o be x(-1). Suppose 4*t = 11*t - o. List the prime factors of t.
2, 19
Let b = 4103 + -5840. Let o = -1088 - b. What are the prime factors of o?
11, 59
Suppose 4 = k + 2*t, 12*k + 2*t + 12 = 13*k. Suppose k*a - 1906 = 318. What are the prime factors of a?
2, 139
Let q = 6169 + -2355. What are the prime factors of q?
2, 1907
Suppose -i + 1349 = 4*a - 6*i, a + i - 335 = 0. Suppose 3*u + a - 1008 = 0. List the prime factors of u.
2, 7
Let m(d) = -d**3 + 3*d**2 + 10*d - 5. Let z be m(5). Let c be ((-249)/51 - z) + 1273/17. Let y = 194 - c. List the prime factors of y.
7, 17
Let b = 68 - 65. Suppose -236 = -5*y - 4*j, 0 = 4*y - 0*j - b*j - 195. What are the prime factors of (-8)/(-6) + 5024/y?
2, 53
Let a(l) = -34 - 7*l + 2*l + 10*l + 2*l. Let p be a(10). List the prime factors of (-50)/(-15)*p/10.
2, 3
Suppose 0 = 2*y + 4*k - 24314, 4*y = -749*k + 753*k + 48616. What are the prime factors of y?
5, 11, 13, 17
Let u(g) = 846*g + 3141. What are the prime factors of u(19)?
3, 5, 7, 61
Suppose 240 = 27*m - 11*m. Suppose 0*z = 4*z - 48. Suppose -z = -3*b + m. List the prime factors of b.
3
Suppose v + 5*k = 7109, -7836 = -v + 5*k - 667. What are the prime factors of v?
11, 59
Let y be (-1)/((-2)/84) - 0. Let m(b) = 102*b - 686. Let l be m(7). Let p = y - l. List the prime factors of p.
2, 7
Let r(a) = a**3 + 7*a**2 + 6*a + 4. Let g be r(-6). Let l(b) = 66 + 4*b + g*b**2 - 2*b**2 - b**2 - 5*b. What are the prime factors of l(0)?
2, 3, 11
Let a(c) = -19*c**3 + 3*c**2 + 2*c + 1. Let k be a(-1). Suppose k + 6 = -3*o. Let t = o + 17. What are the prime factors of t?
2
Let z be (-1)/3*0 + 1 + 2. Suppose 0 = 3*b - 15 + z. Suppose r = 2*r - 3*w - 100, -w = b*r - 348. What are the prime factors of r?
2, 11
Let m = -2558 - -3726. List the prime factors of m.
2, 73
Let z be (1 + 30/4)/((-1)/(-4)). Suppose 0 = 27*y - z*y + 3325. List the prime factors of y.
5, 19
Suppose -3*w + 4*n + 46 = 0, 5*w + 46 = n + 151. Let v be 3/(-4)*11/(w/168). Let y = v + 72. What are the prime factors of y?
3
Suppose 10704 = 3*f - 4212. List the prime factors of f.
2, 11, 113
Let r(k) = 6*k - 1. Let l be r(1). Suppose -l*g + 0 = 10. What are the prime factors of (4 + (-8)/2 + -316)/g?
2, 79
Let d = -2627 + 4152. What are the prime factors of d?
5, 61
Suppose -3*h = 10*h - 585. Suppose h = d - 0*o - 3*o, 2*d - 89 = 5*o. Suppose 3*b - d - 351 = 0. List the prime factors of b.
131
Suppose 6*x + 6 = 5*x. What are the prime factors of x/(-8) + (-1474)/(-8)?
5, 37
Suppose -186 = -i + 123. Let p = i + -77. Suppose -f + 3*f - p = 4*v, -2*f = -v - 220. List the prime factors of f.
2, 3
Suppose 5*r + 316211 = 6*z, -4*z + 5*r + 271093 = 60294. What are the prime factors of z?
2, 19, 73
Suppose 1894 = a - 3*b - 4728, 4*b - 26408 = -4*a. What are the prime factors of a?
6607
Let a(q) = 6821*q**2 + 33*q - 34. What are the prime factors of a(1)?
2, 5, 11, 31
Suppose 0 = -9*x + 10*x - 15009 + 880. List the prime factors of x.
71, 199
Let h(u) = 7*u - 46. Let a be h(7). List the prime factors of 149 - (-14 + 13)/(1/a).
2, 19
Let p = -98 + 7024. What are the prime factors of p?
2, 3463
Let n = 3357 - 3013. What are the prime factors of n?
2, 43
Let c(m) = -2*m**3 + 52*m**2 + 169*m - 35. What are the prime factors of c(23)?
2, 3, 1171
Let f be (-195)/6*48/(-30). Let w = -51 - f. Let l = -64 - w. List the prime factors of l.
3, 13
Let o = -18 + 21. Suppose f - o*s - 3 = -5, 4*f = -3*s - 8. Let z(i) = -11*i - 13. What are the prime factors of z(f)?
3
What are the prime factors of 5 + -15 + 7856/1?
2, 3923
Let z(n) = -166*n + 9772. List the prime factors of z(-12).
2, 17, 173
Let g be ((-4)/(-8))/((-5)/360). List the prime factors of -3093*(-4)/g*-3.
1031
Let t(r) = r + 6. Let g be t(-6). Let p be 4*1 + g/(-10). Suppose -5*u - 463 = -3*c, 4*c + 0*u = p*u + 604. What are the prime factors of c?
2, 73
Let y(i) = 3*i**2 + 115*i - 523. List the prime factors of y(-73).
7069
Let r = -14 - -19. Suppose -2*d = 2*b - 14, 4*d + 0 = r*b - 17. Suppose 6*f = d*f + 260. What are the prime factors of f?
5, 13
Let y(q) be the second derivative of 7*q**4/12 + 13*q**3/6 - 5*q**2 - 9*q. What are the prime factors of y(-10)?
2, 5, 7
Let a(t) = 312*t**3 + t**2 - 18*t + 17. Suppose -s = -22*g + 25*g, 0 = -g + 4*s + 13. What are the prime factors of a(g)?
2, 3, 13
Suppose 4*b = 5*m - b - 20, m = -3*b - 8. Suppose 10*i = 39 + m. Suppose -4*q + i*h + 110 = -2*q, 2*h = 0. List the prime factors of q.
5, 11
List the prime factors of (-28 - 5360/(-200))*((-910)/4)/1.
3, 7, 13
Suppose 4*w = j + 1544, 2*j - 4*j + 3*w - 3093 = 0. Let z = -1084 - j. List the prime factors of z.
2, 29
Let n(t) = -345*t + 1. Let f be n(4). List the prime factors of 18/(-81) - (f/(-9))/(-1).
3, 17
Let n = -64 - -76. Let b(o) be the second derivative of o**4/6 - 19*o**3/6 + o. What are the prime factors of b(n)?
2, 3, 5
Suppose -309*h - 2*b + 47156 = -304*h, -3*h + 28278 = -4*b. What are the prime factors of h?
2, 5, 23, 41
Suppose 1 = -3*i + 4. Let y(w) = -342*w**3 + 11*w**2 - w - 20. Let n(r) = 113*r**3 - 3*r**2 + 6. Let m(d) = 7*n(d) + 2*y(d). List the prime factors of m(i).
2, 3
Let c = -7627 - -3161. List the prime factors of -3 - (c/4)/(-7)*-8.
19, 67
Suppose 5*c + 34312 = 3*v, -79*v + 81*v - 22866 = -c. What are the prime factors of v?
2, 5717
Suppose 0 = 5*o + 5*r - 19960, r - 14228 = -5*o + 5736. List the prime factors of o.
3, 11
Let x be 84/336 - (114/8)/(-3). What are the prime factors of 6/(-30)*-1601 + (-1)/x?
2, 5
Let f = 9573 - 6430. What are the prime factors of f?
7, 449
Let s = 97 + -94. Suppose -2*n = 2*j - 3*j + 373, s*j - 1113 = 4*n. What are the prime factors of j?
367
Let u(i) = -1406*i**3 - i**2 - 102*i - 291. List the prime factors of u(-3).
2, 3, 7, 113
List the prime factors of (1/2 - (-5796)/(-56))/(7/(-2261)).
17, 19, 103
Suppose -196 + 116 = -8*i. What are the prime factors of 12216/i + 88/220?
2, 13, 47
Suppose 3*z = k + 32, 7*z = 11*z - 3*k - 51. Let w(i) = -i**3 + 8*i**2 + 11*i - 10. Let o be w(z). List the prime factors of 160 + (5 - 2 - o).
5, 31
Suppose -4*b - 352 + 2136 = 3*y, 4 = -b. Suppose -t + 4*m = -y + 31, -569 = -t + m. List the prime factors of t.
569
Let p be -15 - -10 - (-119 + 0). Suppose 5*u - 1015 = 4*k, 315 = 2*u + 3*k - p. List the prime factors of u.
3, 23
Suppose 5*u + 25 = 0, -3*u - 80 = -5*q + u. What are the prime factors of (5 - 1024/q)/((-2)/12)?
2, 241
Let l = -183 - -186. Suppose 2*q = -l*q + 1255. List the prime factors of q.
251
Let k(t) = -27*t**3 - 4*t**2 + 42*t + 27. Let b be k(-9). Suppose 3*q + b = 19*q. What are the prime factors of q?
2, 3, 11
Suppose -56*b + 13*b + 298678 = 0. What are the prime factors of b?
2, 23, 151
What are the prime factors of (-997)/(-4 - (12 + -15))?
997
Suppose 5*c + 11 = -n, 50*n - 46*n + 26 = -2*c. What are the prime factors of 1/(n/452)*168/(-16)?
7, 113
Let r(w) = 2*w**2 - 7*w + 7. Let s be r(3). Suppose 10*a = s*a - 1044.